t y = b + q. List the prime factors of y.
2, 7
Suppose 0 = 2*p + 3*h - 5051, 3*p - p = 3*h + 5021. What are the prime factors of p?
2, 1259
Suppose -4*s - 18 = -0*h - 3*h, h + s - 13 = 0. Let i be h*(2/8 + 4/16). Let g = i + 53. List the prime factors of g.
2, 29
Suppose 3420*q + 32760 = 3427*q. List the prime factors of q.
2, 3, 5, 13
Suppose 31*q - 57*q - 256320 = -42*q. What are the prime factors of q?
2, 3, 5, 89
What are the prime factors of 10 + (-41251)/(-7) + 0?
5903
Let f = -846 - -2426. Let k = -46 + f. What are the prime factors of k?
2, 13, 59
Suppose g - 3 = 0, -159*g = -4*w - 160*g + 3155. List the prime factors of w.
2, 197
Suppose 5*v = -15, z - 2715 = -z + 5*v. Suppose 9*x - 4275 = -z. What are the prime factors of x?
5, 13
Suppose 4*b = 42 - 10. Let z(j) = j**3 + 4*j**2 + 10*j + 46. List the prime factors of z(b).
2, 3, 149
Let f(u) = 937*u + 20. Let a be f(1). Suppose -1323 - a = -8*c. What are the prime factors of c?
3, 5, 19
Suppose 0 = -22*u + 2*u + 1900. Suppose -u = -m + 159. List the prime factors of m.
2, 127
List the prime factors of (-39900)/456*236/(-7).
2, 5, 59
Let l(g) = 10*g. Let d(h) = -30*h + 1. Let x(a) = -2*d(a) - 7*l(a). Let r = 3509 + -3514. List the prime factors of x(r).
2, 3
Let o(s) = -2*s**2 + s + 7. Let n be o(3). Let i(u) = u**3 + 9*u**2 + 9*u + 8. Let x be i(n). Suppose 5*w - w - 452 = x. What are the prime factors of w?
113
Let w(g) = -4*g**2 - 13*g - 6. Let c(d) = -6*d - 6 - 3*d + 2*d + 3 - 2*d**2. Let o(j) = -5*c(j) + 2*w(j). What are the prime factors of o(-7)?
2, 19
Let b(f) = 22*f**2 - 6*f - 3. Let c be b(-9). What are the prime factors of (60/35)/(c/609 + -3)?
2, 3, 29
Suppose -3*a - 122*b + 166929 = -119*b, 4*b + 111334 = 2*a. What are the prime factors of a?
19, 29, 101
Suppose g - 5*q = 20, -g + 4*q + 23 = 6. Let k be ((-108)/(-45))/(2/g). What are the prime factors of (k/9)/(10/1215)?
3
Let j = 70389 - 39576. What are the prime factors of j?
3, 10271
Suppose -439488 = -33*j - 16*j - 7*j. What are the prime factors of j?
2, 3, 109
Let u = 56 + -56. Suppose u = -21*x + 19*x + 1014. List the prime factors of (3 - (-5)/(30/(-16)))*x.
13
Suppose -2*d - 466*l + 469*l = -14707, 0 = -5*l + 15. What are the prime factors of d?
2, 13, 283
Let w be (51 + -52)/(2/(-50)). Suppose -1232 = 24*v - w*v. What are the prime factors of v?
2, 7, 11
Let i = 22477 + -5604. What are the prime factors of i?
47, 359
Let x(b) = 2*b**2 - 19*b + 37. Let h be x(7). What are the prime factors of ((-1)/(-2))/(h + (-3292)/1648)?
2, 103
Let m(k) = 1417*k - 41 - 706*k - 707*k. What are the prime factors of m(37)?
107
Suppose -2222579 = -14*x - 97*x + 1363276. What are the prime factors of x?
5, 7, 13, 71
Let u(i) = -i**3 + 20*i**2 + 25*i - 24. Let d be (3 + 21/(-6))/((-21)/546). List the prime factors of u(d).
2, 7, 53
Suppose -3*g + 4*q + 1543 = 0, 7*g + 4*q - 1022 = 5*g. Let w = 309 + g. What are the prime factors of w?
2, 3, 137
Suppose 12*k - 75355 = 16529. What are the prime factors of k?
13, 19, 31
Let i = -4671 + 14156. What are the prime factors of i?
5, 7, 271
Let g be (0/(-2) - 13) + 1. Let y = -13 - g. Let v = y - -23. What are the prime factors of v?
2, 11
Suppose -10 = -3*u + 5*u. Let c(n) = -2*n**2 - 17*n + 45. Let l(t) = 3*t**2 + 26*t - 67. Let m(i) = u*l(i) - 8*c(i). What are the prime factors of m(-11)?
2, 3, 5
Let p(d) be the first derivative of 14*d - 9/2*d**2 - 16. What are the prime factors of p(-6)?
2, 17
Let z be 5555/99 + 2/(-18). Let v(q) = q**3 - 57*q**2 + 72*q - 170. List the prime factors of v(z).
2, 3, 11
Let l be 684/144 - 2*(-2)/16. Suppose -393 = -l*q + 3177. What are the prime factors of q?
2, 3, 7, 17
Suppose 3*r + 4 = -4*w + 22, r = 4*w - 10. Suppose q + 1003 = n, q = -r*n - 0*n + 2012. What are the prime factors of n?
3, 5, 67
Suppose -160 = 4*c - 172. What are the prime factors of (-1)/c + -3127*(-3)/9?
2, 521
Suppose -6*s + 5*s - 1 = 0, 0 = -4*g + 4*s + 36. Suppose 0 = -11*z + g*z + 1272. What are the prime factors of z?
2, 53
Suppose 65*g = 67*g + 3*u - 46128, 3*u = 3*g - 69222. What are the prime factors of g?
2, 3, 5, 769
Let x(z) = 272*z - 7. Let d = 80 - 79. What are the prime factors of x(d)?
5, 53
Let o(p) = 734*p**3 + p**2 - 2*p - 8. Let f be o(-3). What are the prime factors of f/(-77) + 4/(-14)?
257
Suppose -3*f + 17686 = 4*m, -4*f + 23971 = 4*m + 6291. List the prime factors of m.
2, 2213
Let d = -5084 - -18005. What are the prime factors of d?
3, 59, 73
Suppose q - 21*s - 2102 = -25*s, -5*s + 8353 = 4*q. List the prime factors of q.
2, 3, 347
Let x(v) = -17*v - 33. Let f be x(11). Let s = -33 - f. What are the prime factors of s?
11, 17
Suppose 25 = 33*n - 41. What are the prime factors of (n - -2) + 4 + 3660/5?
2, 5, 37
Let k be (406/10*2)/((-14)/(-490)). Suppose -23*i + 21*i - k = -3*m, 0 = -5*i + 5. List the prime factors of m.
2, 3, 79
Let r = 7736 + -2472. What are the prime factors of r?
2, 7, 47
Let g = -47 + 51. Suppose 860 = g*h + 432. What are the prime factors of h?
107
Suppose 0 = 4*a + 4*w + 1268, -15*w + 18*w = 6. Let k = 609 + a. What are the prime factors of k?
2, 5, 29
Let o(a) = 3*a + 3. Let i be o(-2). Suppose 3*t + 3 = 0, f + 6068 = t - 4686. List the prime factors of ((-1)/i)/(3*(-5)/f).
239
Let r = -20873 + 25463. List the prime factors of r.
2, 3, 5, 17
Suppose -4*i = -9 - 3. Suppose 3*v - i*j = -0*v + 24, -3*j = v - 4. List the prime factors of 2/v + (-2372)/(-28).
5, 17
Let y(p) = p**2 - 2*p + 17. Let s be y(7). Let x = 83 - s. Let o = 35 - x. List the prime factors of o.
2
Suppose -1136032 = -64*p - 360160. What are the prime factors of p?
3, 449
Let y = 144 - -192. Suppose -7*r + 2541 + y = 0. List the prime factors of r.
3, 137
Let p(i) = 10*i - 45. Suppose 5*n + 4*g = 11, -g = 3*n + g - 7. Let k be (-3 + 5 + -16)/((-2)/n). What are the prime factors of p(k)?
3, 5, 11
Let j be (-217)/(-14)*2*(6 + -4). Suppose 0 = -j*y + 9*y + 63653. What are the prime factors of y?
1201
Suppose -269774 = 140*v - 789344 - 654750. What are the prime factors of v?
2, 3, 233
Suppose -d = 112 - 110. Let o be (d + (-25)/2)*(-38 - 4). Suppose -6*z - o = -2037. What are the prime factors of z?
2, 7, 17
Let n(z) = 8 + 2*z**3 + z + 4*z**2 - 22 - 3*z**2 + 95. Let f(r) = r**3 + 11*r**2 + 11*r + 10. Let y be f(-10). What are the prime factors of n(y)?
3
Suppose 3*r - 4*r + 4 = 0. Let c be 2/(-20) + 2728/880. Suppose -r*p + 2*a = -2*p - 318, 482 = c*p - 2*a. List the prime factors of p.
2, 41
Let d = 6 - -129. Suppose -d = -3*g + 231. Let a = -55 + g. List the prime factors of a.
67
Let n(f) = -4*f**2 + 7*f - 13. Let d(r) = 3*r**2 - 8*r + 12. Let p(t) = -3*d(t) - 2*n(t). Let x be p(9). List the prime factors of x/(399/1035 + (-2)/5).
3, 23
Let z(i) = 21*i**3 - 3*i**2 - 4*i + 3. Suppose q + 5*w = 4, -4*q + 17 - 1 = 5*w. What are the prime factors of z(q)?
1283
Let r be 2/(-21)*-3 - (-80)/14. Let f be (-4005)/15*((-32)/r)/(-4). Let v = -220 - f. List the prime factors of v.
2, 17
Let h = -41033 - -51159. List the prime factors of h.
2, 61, 83
What are the prime factors of 64/(-8 - -40) - -2*8219?
2, 3, 5, 137
Let t(j) be the second derivative of 25*j**4/12 + 8*j**3/3 - 35*j**2/2 - 130*j. List the prime factors of t(8).
1693
Suppose 2*c = y + 30097, 4*c = y + 13305 + 46896. What are the prime factors of c?
2, 53, 71
Let v(j) = j**3 + 6*j**2 + 8. Suppose d = 4*c + 30, -c - 13 = -2*d - d. Let n be v(c). Let r = n + 49. What are the prime factors of r?
2
Let u = 82 + -79. Suppose -5*c = -4*h - 3, 2*h = -u*h + 15. Suppose 5*y - 243 = c*z + 791, 2*z = -3*y + 628. What are the prime factors of y?
2, 13
Let a = -23 - -40. Suppose -n + a = -3*z, -z - 2*z - 11 = 2*n. Suppose -v = -n*v + 27. What are the prime factors of v?
3
Let o be 102/85*330/9. Let v = o + 234. What are the prime factors of v?
2, 139
Let b = 7 + -13. Let r be -21 - ((-2)/(-4))/(b/(-36)). Let l = r + 70. What are the prime factors of l?
2, 23
Let s(h) = -7*h + 12. Let t be s(3). Let o(a) = -a**3 + 12*a - 1 - 2 + a - 7*a**2 - a. What are the prime factors of o(t)?
3, 17
Let v be -16*((-9)/6 + 0). Suppose 25*b = v*b + 72. What are the prime factors of (b/20)/((-9)/(-150))?
2, 3, 5
Suppose 1414 = -6*k + 9382. Let w = k - -58. List the prime factors of w.
2, 3, 7, 11
Let b(y) = 5362*y**3 - 2*y**2 + 29*y - 28. What ar